55526553291 prime?
True
Is 172015700569 a prime number?
False
Is 250803031 a composite number?
False
Is 3439020229 prime?
True
Is 85260786223 a prime number?
True
Is 97076633 a composite number?
True
Is 2300398171 composite?
True
Is 100542891769 a prime number?
True
Is 54554473 prime?
False
Is 11679874333 a composite number?
True
Is 13744854223 prime?
True
Is 13205102671 a prime number?
True
Is 15618752129 a composite number?
True
Is 12273320729 a prime number?
False
Is 1810803623 prime?
False
Is 14746715699 prime?
True
Is 245607487 prime?
False
Is 392065688863 composite?
False
Is 2668474417 composite?
True
Is 3238385033 a composite number?
True
Is 16529331109 prime?
True
Is 20090353029 prime?
False
Is 3242953523 a composite number?
False
Is 909747887 a prime number?
True
Is 4203425257 a composite number?
True
Is 12312873673 a composite number?
False
Is 215351197 prime?
True
Is 23185751213 prime?
False
Is 11153056861 a composite number?
False
Is 3917483173 a composite number?
False
Is 1563935557 a prime number?
True
Is 54891432433 a prime number?
True
Is 36631627649 a prime number?
False
Is 1155462197 a composite number?
False
Is 5287191713 prime?
True
Is 51709720019 prime?
True
Is 234069109177 prime?
True
Is 1923859142 a composite number?
True
Is 4960364869 a prime number?
False
Is 7868723029 a composite number?
True
Is 4476326959 composite?
True
Is 131732542189 prime?
False
Is 73260484559 a composite number?
False
Is 400395539 composite?
True
Is 5998595 a prime number?
False
Is 3049346354 a prime number?
False
Is 1514282219 composite?
True
Is 5493909059 a composite number?
False
Is 1404074501 a composite number?
False
Is 19796077417 a composite number?
False
Is 114066420239 composite?
False
Is 26182985 a prime number?
False
Is 5353455011 a composite number?
False
Is 193015894823 a composite number?
False
Is 1001048467 a composite number?
True
Is 1006176245 composite?
True
Is 1924927819 a prime number?
False
Is 611177107 prime?
True
Is 1031284253 a composite number?
False
Is 16425609349 a prime number?
True
Is 106526713991 composite?
True
Is 21486551 a prime number?
True
Is 1446119167 composite?
True
Is 792845017 composite?
False
Is 8643181619 composite?
False
Is 7292140907 a composite number?
True
Is 18427112335 a prime number?
False
Is 184726095377 a composite number?
False
Is 14835064189 a composite number?
True
Is 3772401329 prime?
True
Is 5073312529 prime?
True
Is 27793568683 composite?
False
Is 9195689458 a composite number?
True
Is 14597954303 prime?
True
Is 130875320683 prime?
False
Is 5847760337 composite?
False
Is 8715560611 a composite number?
True
Is 1634658451 a composite number?
False
Is 2049266509 a prime number?
True
Is 859143203 prime?
True
Is 1040075243 composite?
False
Is 10245690001 prime?
True
Is 1357029169 a composite number?
True
Is 5085674063 composite?
True
Is 12473976521 prime?
True
Is 494679491 composite?
False
Is 15184814143 a prime number?
False
Is 42736616453 a composite number?
True
Is 24436793033 composite?
True
Is 283849337 composite?
False
Is 25187387189 a prime number?
True
Is 118398342497 a prime number?
False
Is 10133176439 prime?
True
Is 65544298237 a composite number?
True
Is 2566165273 a composite number?
True
Is 2002853161 a prime number?
False
Is 16122723115 composite?
True
Is 175999446037 a prime number?
True
Is 344970539 a prime number?
True
Is 24401752439 a composite number?
False
Is 331778053 a composite number?
True
Is 4195980623 composite?
True
Is 1174286807 composite?
True
Is 38221129439 a prime number?
True
Is 2168030902 prime?
False
Is 122879641 a prime number?
False
Is 26489127703 prime?
True
Is 2974856161 a prime number?
False
Is 10325961761 a prime number?
False
Is 4271355949 prime?
False
Is 27097600459 prime?
True
Is 7835805421 prime?
True
Is 28754414049 composite?
True
Is 30050321387 a composite number?
True
Is 11405505577 composite?
False
Is 536110271 composite?
True
Is 10780998217 a composite number?
True
Is 4178313833 a prime number?
True
Is 2070887485 composite?
True
Is 23264034349 a composite number?
True
Is 56157149 a composite number?
True
Is 16281340795 composite?
True
Is 98863178257 prime?
True
Is 14827760777 a composite number?
True
Is 53646852353 prime?
True
Is 2187185599 composite?
False
Is 14179918819 prime?
False
Is 15591136009 composite?
False
Is 10089420853 a prime number?
True
Is 29588652097 a prime number?
False
Is 16513806877 a prime number?
True
Is 976414349 a prime number?
False
Is 11855430661 prime?
False
Is 1227240767 composite?
True
Is 19817489479 a prime number?
False
Is 207429987 a composite number?
True
Is 37741339847 composite?
False
Is 7179854563 composite?
True
Is 131413901 a composite number?
False
Is 273282239 a composite number?
False
Is 17095382317 a composite number?
True
Is 5052332849 a composite number?
True
Is 89333825839 a prime number?
False
Is 25047257507 prime?
True
Is 524636393 a composite number?
True
Is 311331011 a composite number?
False
Is 761161763 a composite number?
False
Is 269382694081 composite?
True
Is 1723777637 a composite number?
True
Is 605686361 a composite number?
True
Is 77815875211 prime?
True
Is 442028689 a composite number?
False
Is 16281593191 a composite number?
False
Is 1834475917 composite?
True
Is 193625987 a prime number?
True
Is 331161499 composite?
True
Is 4375001041 a composite number?
True
Is 771138607 a composite number?
False
Is 3321352141 composite?
False
Is 200345365051 prime?
False
Is 23069694703 a prime number?
False
Is 22588432597 composite?
True
Is 16119599423 prime?
False
Is 47431376429 a composite number?
False
Is 88254001 composite?
True
Is 5926248781 composite?
True
Is 256724071 composite?
False
Is 1893092557 composite?
False
Is 321525045299 a prime number?
True
Is 2892604687 a composite number?
True
Is 5257655519 prime?
True
Is 3880657731 composite?
True
Is 41365903 composite?
True
Is 41754674149 composite?
True
Is 1271880527 prime?
True
Is 1782439363 a prime number?
False
Is 4267870499 a prime number?
True
Is 1112998609 a prime number?
True
Is 9061421137 composite?
False
Is 191894805613 composite?
True
Is 196659599 a prime number?
True
Is 46877999843 a composite number?
True
Is 1760895907 a composite number?
False
Is 91583054749 composite?
True
Is 6736971091 composite?
False
Is 7415374393 composite?
True
Is 13770185581 a prime number?
True
Is 6934678445 a prime number?
False
Is 35194373 composite?
False
Is 5118711281 a composite number?
False
Is 3232989323 a composite number?
False
Is 95902357741 composite?
False
Is 413247143 prime?
False
Is 15188263931 a composite number?
True
Is 64671989 composite?
True
Is 3285154034 a composite number?
True
Is 12716504711 prime?
False
Is 6810812209 composite?
False
Is 1711890563 composite?
True
Is 1027844071 a composite number?
True
Is 2913822655 prime?
False
Is 2786708341 a composite number?
False
Is 674004647 a prime number?
False
Is 9094235317 a composite number?
False
Is 75438025309 a composite number?
False
Is 64496868377 a prime number?
True
Is 2083844201 prime?
False
Is 21091572415 a composite number?
True
Is 68926206071 a composite number?
False
Is 87324445639 prime?
False
Is 4301139569 composite?
False
Is 14341707619 prime?
False
Is 119638409061 a prime number?
False
Is 3233996789 prime?
False
Is 599883359 a prime number?
True
Is 105977671499 a composite number?
True
Is 36448261049 prime?
True
Is 3083765731 a prime number?
False
Is 2429170409 prime?
False
Is 12063604799 composite?
True
Is 8371773497 prime?
True
Is 44289599747 prime?
True
Is 24425165777 prime?
True
Is 17546386853 a composite number?
False
Is 32450631311 composite?
True
Is 2601794161 a prime number?
False
Is 2010985049 prime?
True
Is 4472417153 a prime number?
False
Is 2026254151 a prime number?
True
Is 30863974159 prime?
False
Is 1195298473 a prime number?
False
Is 127940363 a prime number?
False
Is 39252179719 a prime number?
True
Is 2503968541 a prime number?
True
Is 20191961 a prime number?
False
Is 41914769353 composite?
True
Is 21515092597 composite?
True
Is 2794408583 prime?
True
Is 6497944601 a prime number?
True
Is 7191178039 prime?
True
Is 7982893519 composite?
False
Is 11257567253 a composite number?
False
Is 5511241993 composite?
True
Is 2530368307 prime?
True
Is 9693312463 